{"id":1224,"date":"2020-11-24T00:38:27","date_gmt":"2020-11-23T22:38:27","guid":{"rendered":"http:\/\/dev.kantareguitars.com\/?page_id=1224"},"modified":"2022-03-06T21:35:32","modified_gmt":"2022-03-06T19:35:32","slug":"uber-kantare","status":"publish","type":"page","link":"https:\/\/www.kantareguitars.com\/index.php\/de\/uber-kantare\/","title":{"rendered":"\u00dcber Kantare"},"content":{"rendered":"\t\t<div data-elementor-type=\"wp-page\" data-elementor-id=\"1224\" class=\"elementor elementor-1224\">\n\t\t\t\t\t\t<section class=\"elementor-section elementor-top-section elementor-element elementor-element-d3813d2 elementor-section-boxed elementor-section-height-default elementor-section-height-default\" data-id=\"d3813d2\" data-element_type=\"section\">\n\t\t\t\t\t\t<div class=\"elementor-container elementor-column-gap-default\">\n\t\t\t\t\t<div class=\"elementor-column elementor-col-100 elementor-top-column elementor-element elementor-element-73fda60\" data-id=\"73fda60\" data-element_type=\"column\">\n\t\t\t<div class=\"elementor-widget-wrap elementor-element-populated\">\n\t\t\t\t\t\t<div class=\"elementor-element elementor-element-f4ebfca elementor-widget elementor-widget-image\" data-id=\"f4ebfca\" data-element_type=\"widget\" data-widget_type=\"image.default\">\n\t\t\t\t<div class=\"elementor-widget-container\">\n\t\t\t\t\t\t\t\t\t\t\t\t\t<img fetchpriority=\"high\" decoding=\"async\" width=\"525\" height=\"191\" src=\"https:\/\/www.kantareguitars.com\/wp-content\/uploads\/2020\/11\/kantare_eco_pieni-1024x373.jpg\" class=\"attachment-large size-large wp-image-713\" alt=\"\" srcset=\"https:\/\/www.kantareguitars.com\/wp-content\/uploads\/2020\/11\/kantare_eco_pieni-1024x373.jpg 1024w, https:\/\/www.kantareguitars.com\/wp-content\/uploads\/2020\/11\/kantare_eco_pieni-300x109.jpg 300w, https:\/\/www.kantareguitars.com\/wp-content\/uploads\/2020\/11\/kantare_eco_pieni-768x280.jpg 768w, https:\/\/www.kantareguitars.com\/wp-content\/uploads\/2020\/11\/kantare_eco_pieni-1536x560.jpg 1536w, https:\/\/www.kantareguitars.com\/wp-content\/uploads\/2020\/11\/kantare_eco_pieni.jpg 2000w\" sizes=\"100vw\" \/>\t\t\t\t\t\t\t\t\t\t\t\t\t<\/div>\n\t\t\t\t<\/div>\n\t\t\t\t<div class=\"elementor-element elementor-element-06c2510 elementor-widget elementor-widget-text-editor\" data-id=\"06c2510\" data-element_type=\"widget\" data-widget_type=\"text-editor.default\">\n\t\t\t\t<div class=\"elementor-widget-container\">\n\t\t\t\t\t\t\t<p>Die Geschichte der Kantare\u00ae Gitarren begann im Jahr 1986, in Helsinki, Finnland,\u00a0<span style=\"color: #003649;\">als der Meistergitarrenbauer Kauko Liikanen seinen Traum verwirklicht und seine t\u00e4gliche Arbeit aufgegeben hat, um sich ganz dem Bau von Gitarren in seiner Werkstatt zu widmen.<\/span>\u00a0<\/p>\t\t\t\t\t\t<\/div>\n\t\t\t\t<\/div>\n\t\t\t\t<div class=\"elementor-element elementor-element-9b404ed elementor-widget elementor-widget-image\" data-id=\"9b404ed\" data-element_type=\"widget\" data-widget_type=\"image.default\">\n\t\t\t\t<div class=\"elementor-widget-container\">\n\t\t\t\t\t\t\t\t\t\t\t\t\t<img decoding=\"async\" width=\"358\" height=\"500\" src=\"https:\/\/www.kantareguitars.com\/wp-content\/uploads\/2020\/11\/Liikanen-history-pic1.jpg\" class=\"attachment-large size-large wp-image-725\" alt=\"\" srcset=\"https:\/\/www.kantareguitars.com\/wp-content\/uploads\/2020\/11\/Liikanen-history-pic1.jpg 358w, https:\/\/www.kantareguitars.com\/wp-content\/uploads\/2020\/11\/Liikanen-history-pic1-215x300.jpg 215w\" sizes=\"100vw\" \/>\t\t\t\t\t\t\t\t\t\t\t\t\t<\/div>\n\t\t\t\t<\/div>\n\t\t\t\t<div class=\"elementor-element elementor-element-04b1073 elementor-widget elementor-widget-text-editor\" data-id=\"04b1073\" data-element_type=\"widget\" data-widget_type=\"text-editor.default\">\n\t\t\t\t<div class=\"elementor-widget-container\">\n\t\t\t\t\t\t\t<p><em>Foto: Kauko Liikanen, \u00a0in seinen fr\u00fcheren Jahren<\/em><\/p>\t\t\t\t\t\t<\/div>\n\t\t\t\t<\/div>\n\t\t\t\t<div class=\"elementor-element elementor-element-f7f5ecd elementor-widget elementor-widget-text-editor\" data-id=\"f7f5ecd\" data-element_type=\"widget\" data-widget_type=\"text-editor.default\">\n\t\t\t\t<div class=\"elementor-widget-container\">\n\t\t\t\t\t\t\t<p><span style=\"font-size: 1rem;\">insgesamt\u00a0<\/span>In den letzten drei Jahrzehnten stellte Liikanen Guitars etwa 1000 handgefertigte Gitarren her. Gitarren, die bereits seit einer Generation von Gitarristen &#8211; Studenten sowie Konzertgitarristen &#8211; gespielt werden. Liikanen Guitars wurden und werden weltweit verkauft, bis jetzt in insgesamt 18 L\u00e4ndern.<\/p><p>Vor seine Karriere als renommiertester Konzertgitarrenbauer in Finnland, hat Kauko Liikanen als Forscher im Bereich Schalltechnik gearbeitet.\u00a0Die erworbenen Kenntnisse\u00a0und Erfahrungen setzte er kreativ im Gitarrenbauen ein.\u00a0Seine innovative und aufgeschlossene Einstellung f\u00fchrte zu einer Erfindung in der Gitarren-Baukonstruktion, als Kauko Liikanen zusammen mit dem Gitarrenbauer und Gitarrist Uwe Florath das LRS entwickelte.<\/p>\t\t\t\t\t\t<\/div>\n\t\t\t\t<\/div>\n\t\t\t\t<div class=\"elementor-element elementor-element-dd354c5 elementor-widget elementor-widget-text-editor\" data-id=\"dd354c5\" data-element_type=\"widget\" data-widget_type=\"text-editor.default\">\n\t\t\t\t<div class=\"elementor-widget-container\">\n\t\t\t\t\t\t\t<p><em>Finnischer Gitarrist Osmo Palmu spielt eine Liikanen Guitar mit LRS\u00ae Double-Top\u00a0 -Konstruktion in einem Konzert:<\/em><\/p>\t\t\t\t\t\t<\/div>\n\t\t\t\t<\/div>\n\t\t\t\t<div class=\"elementor-element elementor-element-095f5e4 elementor-widget elementor-widget-video\" data-id=\"095f5e4\" data-element_type=\"widget\" data-settings=\"{&quot;youtube_url&quot;:&quot;https:\\\/\\\/www.youtube.com\\\/watch?v=cTOmtlhStVc&quot;,&quot;video_type&quot;:&quot;youtube&quot;,&quot;controls&quot;:&quot;yes&quot;}\" data-widget_type=\"video.default\">\n\t\t\t\t<div class=\"elementor-widget-container\">\n\t\t\t\t\t<div class=\"elementor-wrapper elementor-open-inline\">\n\t\t\t<div class=\"elementor-video\"><\/div>\t\t<\/div>\n\t\t\t\t<\/div>\n\t\t\t\t<\/div>\n\t\t\t\t<div class=\"elementor-element elementor-element-6e4a6d7 elementor-widget elementor-widget-text-editor\" data-id=\"6e4a6d7\" data-element_type=\"widget\" data-widget_type=\"text-editor.default\">\n\t\t\t\t<div class=\"elementor-widget-container\">\n\t\t\t\t\t\t\t<p style=\"color: #000000;\">Der LRS Resonanzboden wurde letztendlich im Jahr 2001 patentiert. Seitdem ist der LRS Resonanzboden in allen Liikanen <br \/>A-Konzertgitarren Modellen und H-Gitarren Modellen eingebaut. In den letzten Jahren entwickelte sich die LRS-Erfindung weiter: Sie wurde zusammen mit einer sogenannten \u201eDouble-Top -Konstruktion\u201c kombiniert.<\/p><p style=\"color: #000000;\">Die Kantare\u00ae Classical Guitar &#8211; Marke wurde im Jahr 2006 gegr\u00fcndet, um allen Gitarristen die Vorteile der LRS &#8211; Konstruktion zur Verf\u00fcgung zu stellen.<\/p>\t\t\t\t\t\t<\/div>\n\t\t\t\t<\/div>\n\t\t\t\t<div class=\"elementor-element elementor-element-cedb9b5 elementor-widget elementor-widget-image\" data-id=\"cedb9b5\" data-element_type=\"widget\" data-widget_type=\"image.default\">\n\t\t\t\t<div class=\"elementor-widget-container\">\n\t\t\t\t\t\t\t\t\t\t\t\t\t<img decoding=\"async\" width=\"200\" height=\"300\" src=\"https:\/\/www.kantareguitars.com\/wp-content\/uploads\/2020\/11\/Kantare-LRS-pic2-200x300.png\" class=\"attachment-medium size-medium wp-image-539\" alt=\"\" srcset=\"https:\/\/www.kantareguitars.com\/wp-content\/uploads\/2020\/11\/Kantare-LRS-pic2-200x300.png 200w, https:\/\/www.kantareguitars.com\/wp-content\/uploads\/2020\/11\/Kantare-LRS-pic2-683x1024.png 683w, https:\/\/www.kantareguitars.com\/wp-content\/uploads\/2020\/11\/Kantare-LRS-pic2-768x1152.png 768w, https:\/\/www.kantareguitars.com\/wp-content\/uploads\/2020\/11\/Kantare-LRS-pic2-1024x1536.png 1024w, https:\/\/www.kantareguitars.com\/wp-content\/uploads\/2020\/11\/Kantare-LRS-pic2-1365x2048.png 1365w, https:\/\/www.kantareguitars.com\/wp-content\/uploads\/2020\/11\/Kantare-LRS-pic2.png 1839w\" sizes=\"100vw\" \/>\t\t\t\t\t\t\t\t\t\t\t\t\t<\/div>\n\t\t\t\t<\/div>\n\t\t\t\t<div class=\"elementor-element elementor-element-f86d4cb elementor-widget elementor-widget-text-editor\" data-id=\"f86d4cb\" data-element_type=\"widget\" data-widget_type=\"text-editor.default\">\n\t\t\t\t<div class=\"elementor-widget-container\">\n\t\t\t\t\t\t\t<p>LRS patentiert von den Gitarrenbaumeistern Kauko Liikanen und Uwe Florath, befindet sich in jeder Kantare\u00ae Gitarre. Der LRS Resonanzboden ist f\u00fcr Gitarrenspieler jedes Levels vorteilhaft:<\/p><ul><li>gute Ausgeglichenheit zwischen hohen und tiefen T\u00f6nen<\/li><li>langanhaltende Ausklingzeit<\/li><li>klarer und ebener Klang in jedem Ton und Akkord<\/li><li>ausbleiben von sogenannten \u201eWolft\u00f6nen\u201c<\/li><\/ul>\t\t\t\t\t\t<\/div>\n\t\t\t\t<\/div>\n\t\t\t\t<div class=\"elementor-element elementor-element-d34375c elementor-widget elementor-widget-text-editor\" data-id=\"d34375c\" data-element_type=\"widget\" data-widget_type=\"text-editor.default\">\n\t\t\t\t<div class=\"elementor-widget-container\">\n\t\t\t\t\t\t\t<p><em>Finnischer<\/em><em> Gitarrist Tatu Varis spielt mit Kantare\u00ae L100C-Modell, aktualisiert als Kantare\u00ae Brillante C-Modell:<\/em><\/p>\t\t\t\t\t\t<\/div>\n\t\t\t\t<\/div>\n\t\t\t\t<div class=\"elementor-element elementor-element-f121a7b elementor-widget elementor-widget-video\" data-id=\"f121a7b\" data-element_type=\"widget\" data-settings=\"{&quot;youtube_url&quot;:&quot;https:\\\/\\\/youtu.be\\\/fGBw6I5f6TA&quot;,&quot;video_type&quot;:&quot;youtube&quot;,&quot;controls&quot;:&quot;yes&quot;}\" data-widget_type=\"video.default\">\n\t\t\t\t<div class=\"elementor-widget-container\">\n\t\t\t\t\t<div class=\"elementor-wrapper elementor-open-inline\">\n\t\t\t<div class=\"elementor-video\"><\/div>\t\t<\/div>\n\t\t\t\t<\/div>\n\t\t\t\t<\/div>\n\t\t\t\t<div class=\"elementor-element elementor-element-ab67991 elementor-widget elementor-widget-text-editor\" data-id=\"ab67991\" data-element_type=\"widget\" data-widget_type=\"text-editor.default\">\n\t\t\t\t<div class=\"elementor-widget-container\">\n\t\t\t\t\t\t\t<div align=\"center\"><p><em><br \/>Foto<\/em><em> unten: Messen von Resonanzen <br \/><\/em><em>mit dem \u201eKaukolator\u201c -Ger\u00e4t<\/em><\/p><\/div>\t\t\t\t\t\t<\/div>\n\t\t\t\t<\/div>\n\t\t\t\t<div class=\"elementor-element elementor-element-62b81a7 elementor-widget elementor-widget-image\" data-id=\"62b81a7\" data-element_type=\"widget\" data-widget_type=\"image.default\">\n\t\t\t\t<div class=\"elementor-widget-container\">\n\t\t\t\t\t\t\t\t\t\t\t\t\t<img loading=\"lazy\" decoding=\"async\" width=\"461\" height=\"500\" src=\"https:\/\/www.kantareguitars.com\/wp-content\/uploads\/2020\/11\/Liikanen-history-pic4.jpg\" class=\"attachment-large size-large wp-image-726\" alt=\"\" srcset=\"https:\/\/www.kantareguitars.com\/wp-content\/uploads\/2020\/11\/Liikanen-history-pic4.jpg 461w, https:\/\/www.kantareguitars.com\/wp-content\/uploads\/2020\/11\/Liikanen-history-pic4-277x300.jpg 277w\" sizes=\"100vw\" \/>\t\t\t\t\t\t\t\t\t\t\t\t\t<\/div>\n\t\t\t\t<\/div>\n\t\t\t\t<div class=\"elementor-element elementor-element-ee8f924 elementor-widget elementor-widget-text-editor\" data-id=\"ee8f924\" data-element_type=\"widget\" data-widget_type=\"text-editor.default\">\n\t\t\t\t<div class=\"elementor-widget-container\">\n\t\t\t\t\t\t\t<div class=\"paragraph\">Dies waren die Grundlagen, hier nochmal von den Erfindern pers\u00f6nlich genauer und mit Fachbegriffen:<\/div><div>\u00a0<\/div><div class=\"paragraph\">\u201eDer Klang von einer LRS Gitarre ist au\u00dfergew\u00f6hnlich sensibel und reflektierend mit einer besonders langen Ausklingzeit, da die durch die Saiten erzeugte Vibrationsenergie gleichm\u00e4\u00dfig \u00fcber den gesamten Resonanzboden verteilt wird. Die Resonanzwellen einer LRS Decke sind ausgeglichener als bei traditionell gebauten Gitarren. Es gibt keine pl\u00f6tzlichen extrem hohen Amplituden-Aufschw\u00fcnge, welche zu einem unharmonischen Klang und oft genug auch zu \u201eWolft\u00f6nen\u201c in den absteigenden Frequenzen f\u00fchren. LRS erlaubt auch eine viel bessere Balance zwischen der Masse und der Steifheit des Resonanzbodens der Gitarre.\u201c<\/div>\t\t\t\t\t\t<\/div>\n\t\t\t\t<\/div>\n\t\t\t\t<div class=\"elementor-element elementor-element-464a879 elementor-widget elementor-widget-image\" data-id=\"464a879\" data-element_type=\"widget\" data-widget_type=\"image.default\">\n\t\t\t\t<div class=\"elementor-widget-container\">\n\t\t\t\t\t\t\t\t\t\t\t\t\t<img loading=\"lazy\" decoding=\"async\" width=\"270\" height=\"270\" src=\"https:\/\/www.kantareguitars.com\/wp-content\/uploads\/2020\/11\/43614a8f03a243d5f3aa8a3f37829dd8.jpg\" class=\"attachment-large size-large wp-image-727\" alt=\"\" srcset=\"https:\/\/www.kantareguitars.com\/wp-content\/uploads\/2020\/11\/43614a8f03a243d5f3aa8a3f37829dd8.jpg 270w, https:\/\/www.kantareguitars.com\/wp-content\/uploads\/2020\/11\/43614a8f03a243d5f3aa8a3f37829dd8-150x150.jpg 150w, https:\/\/www.kantareguitars.com\/wp-content\/uploads\/2020\/11\/43614a8f03a243d5f3aa8a3f37829dd8-100x100.jpg 100w\" sizes=\"100vw\" \/>\t\t\t\t\t\t\t\t\t\t\t\t\t<\/div>\n\t\t\t\t<\/div>\n\t\t\t\t<div class=\"elementor-element elementor-element-00cbc75 elementor-widget elementor-widget-text-editor\" data-id=\"00cbc75\" data-element_type=\"widget\" data-widget_type=\"text-editor.default\">\n\t\t\t\t<div class=\"elementor-widget-container\">\n\t\t\t\t\t\t\t<div align=\"center\"><em>Foto: Kauko Liikanen 2014, am Bauen eines<\/em><\/div><div align=\"center\"><em>LRS\u00ae\/DoubleTop Resonanzbodens<\/em><\/div>\t\t\t\t\t\t<\/div>\n\t\t\t\t<\/div>\n\t\t\t\t<div class=\"elementor-element elementor-element-59879b3 elementor-widget elementor-widget-image\" data-id=\"59879b3\" data-element_type=\"widget\" data-widget_type=\"image.default\">\n\t\t\t\t<div class=\"elementor-widget-container\">\n\t\t\t\t\t\t\t\t\t\t\t\t\t<img loading=\"lazy\" decoding=\"async\" width=\"525\" height=\"263\" src=\"https:\/\/www.kantareguitars.com\/wp-content\/uploads\/2020\/11\/kntare_guitarren-1024x513.jpg\" class=\"attachment-large size-large wp-image-548\" alt=\"\" srcset=\"https:\/\/www.kantareguitars.com\/wp-content\/uploads\/2020\/11\/kntare_guitarren-1024x513.jpg 1024w, https:\/\/www.kantareguitars.com\/wp-content\/uploads\/2020\/11\/kntare_guitarren-300x150.jpg 300w, https:\/\/www.kantareguitars.com\/wp-content\/uploads\/2020\/11\/kntare_guitarren-768x385.jpg 768w, https:\/\/www.kantareguitars.com\/wp-content\/uploads\/2020\/11\/kntare_guitarren-1536x770.jpg 1536w, https:\/\/www.kantareguitars.com\/wp-content\/uploads\/2020\/11\/kntare_guitarren-2048x1027.jpg 2048w\" sizes=\"100vw\" \/>\t\t\t\t\t\t\t\t\t\t\t\t\t<\/div>\n\t\t\t\t<\/div>\n\t\t\t\t\t<\/div>\n\t\t<\/div>\n\t\t\t\t\t<\/div>\n\t\t<\/section>\n\t\t\t\t<\/div>\n\t\t","protected":false},"excerpt":{"rendered":"<p>Die Geschichte der Kantare\u00ae Gitarren begann im Jahr 1986, in Helsinki, Finnland,\u00a0als der Meistergitarrenbauer Kauko Liikanen seinen Traum verwirklicht und seine t\u00e4gliche Arbeit aufgegeben hat, um sich ganz dem Bau von Gitarren in seiner Werkstatt zu widmen.\u00a0 Foto: Kauko Liikanen, \u00a0in seinen fr\u00fcheren Jahren insgesamt\u00a0In den letzten drei Jahrzehnten stellte Liikanen Guitars etwa 1000 handgefertigte &hellip; <\/p>\n<p class=\"link-more\"><a href=\"https:\/\/www.kantareguitars.com\/index.php\/de\/uber-kantare\/\" class=\"more-link\">Continue reading<span class=\"screen-reader-text\"> &#8220;\u00dcber Kantare&#8221;<\/span><\/a><\/p>\n","protected":false},"author":3,"featured_media":0,"parent":0,"menu_order":0,"comment_status":"closed","ping_status":"closed","template":"","meta":[],"_links":{"self":[{"href":"https:\/\/www.kantareguitars.com\/index.php\/wp-json\/wp\/v2\/pages\/1224"}],"collection":[{"href":"https:\/\/www.kantareguitars.com\/index.php\/wp-json\/wp\/v2\/pages"}],"about":[{"href":"https:\/\/www.kantareguitars.com\/index.php\/wp-json\/wp\/v2\/types\/page"}],"author":[{"embeddable":true,"href":"https:\/\/www.kantareguitars.com\/index.php\/wp-json\/wp\/v2\/users\/3"}],"replies":[{"embeddable":true,"href":"https:\/\/www.kantareguitars.com\/index.php\/wp-json\/wp\/v2\/comments?post=1224"}],"version-history":[{"count":22,"href":"https:\/\/www.kantareguitars.com\/index.php\/wp-json\/wp\/v2\/pages\/1224\/revisions"}],"predecessor-version":[{"id":2172,"href":"https:\/\/www.kantareguitars.com\/index.php\/wp-json\/wp\/v2\/pages\/1224\/revisions\/2172"}],"wp:attachment":[{"href":"https:\/\/www.kantareguitars.com\/index.php\/wp-json\/wp\/v2\/media?parent=1224"}],"curies":[{"name":"wp","href":"https:\/\/api.w.org\/{rel}","templated":true}]}}